).
2, 3
Let h(r) = 4 + r**2 + 0*r**2 + 4*r + 0. Suppose 4*o - 20 = 0, -1 = 5*d + 3*o + 4. What are the prime factors of h(d)?
2
Let m(o) = -o - 2. Let d be m(-2). Suppose -3*b = 3*q, d*b - 5*b + 5*q = 0. Suppose b*j = -2*j + 24. List the prime factors of j.
2, 3
Let r be 27 + 3/(3/(-3)). Suppose w = j - 12, -5*w + 0 - r = -j. What are the prime factors of j?
3
Suppose 0 = 2*o + 5 - 39. What are the prime factors of o?
17
Let g(w) = w**3 + 26*w**2 - 33*w + 16. List the prime factors of g(-27).
2, 89
Let q(h) = 2*h - 3. Let t = 7 + -4. Let j be q(t). What are the prime factors of ((-2)/j)/((-4)/12)?
2
Let t(l) = -l**2 + 1. Suppose -2*x - 2*m = 4 - 2, 0 = -2*x + 5*m + 12. Let u be t(x). What are the prime factors of (1 + 1 - u)*5?
2, 5
Let v be (5/((-5)/(-4)))/2. Suppose -3*n - v*z + 40 = 0, -n - n = -2*z - 30. List the prime factors of n.
2, 7
Suppose k = 6*k. What are the prime factors of (k - (-6)/(-2)) + 23?
2, 5
Let f = -41 - -59. What are the prime factors of f?
2, 3
Let q(o) = -o**3 - 7*o**2 + 7*o - 6. List the prime factors of q(-8).
2
Let l be 10*(-4)/(-30)*-3. Let t = l + 14. What are the prime factors of t?
2, 5
Suppose -a + c - 16 = 2*c, -5*a - c = 76. Let y = a + 9. Let t(x) = -x**3 - 7*x**2 - 7*x - 2. List the prime factors of t(y).
2
Let a be 2/2 - (55 + 0). What are the prime factors of 12/a + 292/18?
2
What are the prime factors of 270/12 - (-2)/4?
23
Suppose 2*u = 436 - 134. What are the prime factors of u?
151
Let b be ((-24)/(-28))/(1/7). Suppose 4 = 5*c - g, -4*c - g + b = c. Suppose -c = -u + i, 5*i + 2 = 3*u + i. What are the prime factors of u?
2
Let l(h) = h**3 - 3*h**2 + 4*h - 3. Let r = -5 + 8. What are the prime factors of l(r)?
3
Let l(f) = -2*f + 6. List the prime factors of l(-7).
2, 5
Suppose -2 = y + 3*l, 3*l - 6 = 5*y + 22. Let i = y - -8. Suppose -2*o = i*g - 19, 4*g + 2*o - 26 = -o. List the prime factors of g.
5
Let i = -19 + 34. What are the prime factors of i?
3, 5
Let i = -132 - -470. What are the prime factors of i?
2, 13
Suppose 0 = -4*q - 10 + 22. Suppose 4*o - q = 9. Suppose -o*k + 5*p - 40 = -8*k, k - 3*p - 16 = 0. List the prime factors of k.
2, 5
Let i = 33 - -52. List the prime factors of i.
5, 17
Suppose -v - 9 = -4*v. Let t = v - 0. Let l = 5 + t. What are the prime factors of l?
2
Let i = 44 - 84. Let v = 90 + i. List the prime factors of v.
2, 5
Let j(f) = 8*f + 6. Let o be j(6). Suppose 0 = -2*p - 0 - 6, 3*w = 2*p + o. Let c = w - 9. List the prime factors of c.
7
Let q(n) = -4*n - 6. Let d be q(-7). Suppose -8 = 2*g - d. Suppose 2*j - g*j + 40 = 0. List the prime factors of j.
2
Let q(y) = -y**3 - y**2. Let w be q(-2). Suppose 0 = -2*s + v + 17, -w*v = -4*s - 0*v + 24. Let m = s - 8. List the prime factors of m.
3
Suppose -2*h + 6 = -j - 4, -2*j = 3*h - 8. Suppose -x = h*x. Suppose x*c - c - 2*k = 6, 4*c + 3*k = -4. List the prime factors of c.
2
Let f be 3/5 - (-48)/20. Suppose 2*r + 2*r = -4*d + 4, -2*r + 5*d - 19 = 0. What are the prime factors of (r + 4/f)*-6?
2
Let l(n) = 31*n**2 + 4*n - 1. List the prime factors of l(2).
131
Suppose -4 = -3*i - 10. Suppose 32 = -0*n + 2*n + 4*y, -3*y + 3 = -2*n. Let w = n + i. What are the prime factors of w?
2
Let x = 5 - 3. Let d be 363/12 + x/(-8). Suppose 3*l - d = -2*l. List the prime factors of l.
2, 3
Let s = 247 - 108. List the prime factors of s.
139
Let z(j) = -j - 4. Let v be z(-7). Suppose 0*m - v*m + 3 = 0. What are the prime factors of m/(-2) - 75/(-6)?
2, 3
Suppose -182 = -5*a - 4*g, a - 4*g = -0*a + 22. List the prime factors of a.
2, 17
Let c = -2 + 6. Let g = c + -3. Let q = 2 + g. What are the prime factors of q?
3
Let d(p) = -p**3 - p + 42. Let y be d(0). Suppose -u + 3*u = 5*v + y, 5*u - 51 = -v. What are the prime factors of u?
11
Let t = -2 + 17. Suppose 5*h - 2*r + 12 = 2*r, -4*h - t = -5*r. Suppose h = -3*n + f + 4, 4*f - 6 = 2. What are the prime factors of n?
2
Let g(f) = 3*f**3 + f**2 + 4*f - 3. List the prime factors of g(2).
3, 11
Let r = -1 + 1. Let f = 59 - 53. Suppose -8*a + f*a + 18 = r. What are the prime factors of a?
3
Let m = -235 + 547. List the prime factors of m.
2, 3, 13
Let w = -851 + 1280. List the prime factors of w.
3, 11, 13
Let a = -39 - -64. Let s = -12 + a. List the prime factors of s.
13
Suppose 8 = 5*u - 2*x - 3, -2*x = -4. List the prime factors of u.
3
Suppose -d + 3*q + 54 = 0, 3*d - 41 = -3*q + 145. List the prime factors of d.
2, 3, 5
Suppose -2*b + 156 = -b - 2*o, 4*o + 462 = 3*b. List the prime factors of b.
2, 3, 5
Let q = 123 - 55. Suppose o - 3 = u - 25, o + q = 3*u. What are the prime factors of u?
23
Suppose p + 30 = 6*p. Let v(m) = p*m - 3*m - 4 - 8*m. What are the prime factors of v(-4)?
2
Suppose 3*l - 4*x = -x + 24, -4*l - 3*x = 3. Suppose 3*m - l*n - 15 = -4*n, 5*m - 5*n = 5. List the prime factors of m.
2
Let x = 15 - 8. Suppose 5*l - 2*i = 39, -l - 2*i = -x - 8. What are the prime factors of l?
3
Let m be ((-30)/8)/((-3)/(-8)). Let l = m + 26. What are the prime factors of l?
2
Suppose 7*w = 3*w - 5*m + 258, 0 = 4*w + 4*m - 260. What are the prime factors of w?
67
Let u(p) = p - 4. Let w be u(10). Let a = -3 + w. Suppose -11 = -2*f + a. List the prime factors of f.
7
Suppose 4*c = n - 186, -n + 4 = -3*n. Let u = c + 69. Let g = 33 - u. What are the prime factors of g?
11
Let l(n) = -n - 1. Let x be l(-3). Let b(u) = -2*u**2 - 8 + 9*u + 2*u**x + 5*u**2 - 4*u**2. List the prime factors of b(-10).
2
Let b be (4 - (-6)/(-2)) + 46. Suppose -56 = -2*v - 4*m, -5*m - 108 - b = -5*v. List the prime factors of v.
2, 3, 5
Suppose -2*a + 30 = 3*h + 3*a, 4*h - 23 = -a. Suppose h*m - m - 44 = 0. List the prime factors of m.
11
Suppose -2*a + 5*a + 3*r - 108 = 0, 0 = 5*a - 4*r - 207. What are the prime factors of a?
3, 13
Suppose 2*x = 5*p - 133, 5*p = -x + 103 + 33. Let b = p + -12. List the prime factors of b.
3, 5
Suppose -3*c = -0*t + 4*t - 13, -2*c + 1 = -5*t. Let s be -3 - (2 - (t - -2)). What are the prime factors of (-63)/(-12) + s/8?
5
Let f = 93 - 36. List the prime factors of f.
3, 19
Suppose -3*s = 2*s - 25. Let v be 1/(32/10 - 3). Suppose 0*y = -3*y - 4*f + 18, 5*y = s*f - v. What are the prime factors of y?
2
Let v(z) be the second derivative of -z**3/3 + 3*z**2/2 - 3*z. List the prime factors of v(-5).
13
Suppose -d - 5 = -2*d. Suppose -25 = -2*j + 3*k, 0 = d*j + 5*k - 2*k - 10. List the prime factors of j.
5
Suppose 3*q = 3*t - 300, 1 = -2*q + 5. Suppose 0 = 5*d - 103 - t. List the prime factors of d.
41
Let x(d) = d**3 - 3*d**2 - d - 6. What are the prime factors of x(5)?
3, 13
Suppose 141 = -3*c + 6*c. What are the prime factors of c?
47
Suppose v + 1 = 5. Suppose v*u - 3*u = 5*l - 12, 3*l = 3*u. What are the prime factors of l?
3
Suppose 0 = 4*c + 4*o - 0 - 4, -5*o = 5. Suppose 3*x - 2 = 5*j + c, j - 3*x = -8. Let t(a) = 6*a**2 + 1. What are the prime factors of t(j)?
7
Let i = -5 + 3. Let c = i - -3. List the prime factors of (c + -10)/(-2 + 1).
3
Suppose 5*w = 4*w + 1. List the prime factors of w - (0 - (7 - 3)).
5
Suppose -3*l + 7 = 2*b, 5*b - 1 = -l + 23. Suppose b*z - 63 = 5*x + 17, 0 = 2*z + 3*x - 22. What are the prime factors of z?
2, 7
Suppose -q - 14 = -3*q. Suppose -3*f + 29 = -q. What are the prime factors of f?
2, 3
List the prime factors of (-7636)/(-18) - 11*22/1089.
2, 53
Let c = -11 - -7. Let y(o) = -o**2 - 8*o - 6. List the prime factors of y(c).
2, 5
Let g be 36*((-2)/8 + 1). Suppose -4*q + g = -q. List the prime factors of q.
3
Let w(m) = m**2 - 3*m + 1. Let h be w(5). Suppose 0 = -4*k + s + 10, 3*k - h + 3 = s. What are the prime factors of k?
2
Suppose -5*i + i + 156 = 0. What are the prime factors of i?
3, 13
Let n(d) be the first derivative of -d**3/3 - 4*d**2 - 4*d + 2. List the prime factors of n(-6).
2
Let a = -548 - -819. What are the prime factors of a?
271
Let f(y) = 5*y**3 - y**2 + 8*y - 14. Let b(x) = -6*x**3 - 8*x + 15. Let d(o) = -6*b(o) - 7*f(o). List the prime factors of d(-8).
2
Suppose 2*n - 20 = 4*w, 5*n - 4*w - 23 = -3*w. Let a(t) = -t**3 + 8*t**2 + 3*t - 2. Let h be a(n). List the prime factors of (-2)/6 - h/(-6).
2, 3
Let t(p) = p**3 + 4*p**2 - p - 2. Let a be t(-4). Let q = 4 + -2. Suppose a*i + 0 = 6, q*i = -5*f + 16. What are the prime factors of f?
2
Let v(b) = -b**3 + b + 7. Let g be v(0). Let i = 7 + g. What are the prime factor